{"id":1428359,"date":"2026-09-03T17:08:04","date_gmt":"2026-09-03T21:08:04","guid":{"rendered":"https:\/\/veq.ca\/?post_type=tribe_events&#038;p=1428359"},"modified":"2026-09-03T17:08:04","modified_gmt":"2026-09-03T21:08:04","slug":"guided-tour-of-the-national-assembly-and-its-library-open-to-all","status":"publish","type":"tribe_events","link":"https:\/\/veq.ca\/fr\/event\/guided-tour-of-the-national-assembly-and-its-library-open-to-all\/","title":{"rendered":"Guided Tour of the National Assembly and Its Library &#8211; Open to All!"},"content":{"rendered":"<p>The National Assembly is located in the heart of Qu\u00e9bec City, just steps from Old Qu\u00e9bec, and offers a unique experience through its free guided tours.<\/p>\n<p>Join us for <strong>two guided tours in one day<\/strong> and discover both the Parliament of Qu\u00e9bec and its Library. The tours will be combined, with a <strong>15-minute break between them<\/strong>, giving you the opportunity to take a break, or to explore the building and learn about its history, architecture, and institutions.<\/p>\n<p>Come and hear some remarkable stories! This fascinating experience will shed light on Qu\u00e9bec\u2019s history, parliamentary institutions, and their important contribution to Qu\u00e9bec society. The tour also highlights the National Assembly\u2019s beautiful architecture and impressive collection of works of art.<\/p>\n<p>&nbsp;<\/p>\n<p>When registering, you must provide your <strong>full name and date of birth exactly as they appear on your passport or government-issued ID<\/strong>.<\/p>\n<p>You must bring the <strong>same ID<\/strong> with you on the day of the tour in order to access the Parliament Building. Participants whose registration information does not match their ID <strong>will not be able to participate in the tour<\/strong>. Please note that <strong>registration closes two days before the tour, on February 4 at 3:00 p.m., or earlier if all available spots are filled.<\/strong><\/p>\n<p><strong>Open to all! Come discover one of Qu\u00e9bec City\u2019s must-see attractions!<\/strong><\/p>\n","protected":false},"excerpt":{"rendered":"<p>The National Assembly is located in the heart of Qu\u00e9bec City, just steps from Old Qu\u00e9bec, and offers a unique experience through its free guided tours. Join us for two [&hellip;]<\/p>\n","protected":false},"author":15,"featured_media":0,"template":"","meta":{"_acf_changed":false,"_tribe_events_status":"","_tribe_events_status_reason":"","_tribe_events_is_hybrid":"","_tribe_events_is_virtual":"","_tribe_events_virtual_video_source":"","_tribe_events_virtual_embed_video":"","_tribe_events_virtual_linked_button_text":"","_tribe_events_virtual_linked_button":"","_tribe_events_virtual_show_embed_at":"","_tribe_events_virtual_show_embed_to":[],"_tribe_events_virtual_show_on_event":"","_tribe_events_virtual_show_on_views":"","_tribe_events_virtual_url":"","footnotes":""},"tags":[],"tribe_events_cat":[614430],"class_list":["post-1428359","tribe_events","type-tribe_events","status-publish","hentry","tribe_events_cat-events-and-activities-for-all","cat_events-and-activities-for-all"],"acf":[],"yoast_head":"<!-- This site is optimized with the Yoast SEO plugin v28.4 - https:\/\/yoast.com\/product\/yoast-seo-wordpress\/ -->\n<title>Guided Tour of the National Assembly and Its Library - Open to All! &#8212; Voice of English-speaking Qu\u00e9bec<\/title>\n<meta name=\"robots\" content=\"index, follow, max-snippet:-1, max-image-preview:large, max-video-preview:-1\" \/>\n<link rel=\"canonical\" href=\"https:\/\/veq.ca\/fr\/event\/guided-tour-of-the-national-assembly-and-its-library-open-to-all\/\" \/>\n<meta property=\"og:locale\" content=\"fr_FR\" \/>\n<meta property=\"og:type\" content=\"article\" \/>\n<meta property=\"og:title\" content=\"Guided Tour of the National Assembly and Its Library - Open to All! &#8212; Voice of English-speaking Qu\u00e9bec\" \/>\n<meta property=\"og:description\" content=\"The National Assembly is located in the heart of Qu\u00e9bec City, just steps from Old Qu\u00e9bec, and offers a unique experience through its free guided tours. Join us for two [&hellip;]\" \/>\n<meta property=\"og:url\" content=\"https:\/\/veq.ca\/fr\/event\/guided-tour-of-the-national-assembly-and-its-library-open-to-all\/\" \/>\n<meta property=\"og:site_name\" content=\"Voice of English-speaking Qu\u00e9bec\" \/>\n<meta property=\"article:publisher\" content=\"https:\/\/www.facebook.com\/Voice-of-English-speaking-Quebec-114198115271356\/timeline\/\" \/>\n<script type=\"application\/ld+json\" class=\"yoast-schema-graph\">{\"@context\":\"https:\\\/\\\/schema.org\",\"@graph\":[{\"@type\":\"WebPage\",\"@id\":\"https:\\\/\\\/veq.ca\\\/fr\\\/event\\\/guided-tour-of-the-national-assembly-and-its-library-open-to-all\\\/\",\"url\":\"https:\\\/\\\/veq.ca\\\/fr\\\/event\\\/guided-tour-of-the-national-assembly-and-its-library-open-to-all\\\/\",\"name\":\"Guided Tour of the National Assembly and Its Library - Open to All! &#8212; Voice of English-speaking Qu\u00e9bec\",\"isPartOf\":{\"@id\":\"https:\\\/\\\/veq.ca\\\/fr\\\/#website\"},\"datePublished\":\"2026-09-03T21:08:04+00:00\",\"breadcrumb\":{\"@id\":\"https:\\\/\\\/veq.ca\\\/fr\\\/event\\\/guided-tour-of-the-national-assembly-and-its-library-open-to-all\\\/#breadcrumb\"},\"inLanguage\":\"fr-FR\",\"potentialAction\":[{\"@type\":\"ReadAction\",\"target\":[\"https:\\\/\\\/veq.ca\\\/fr\\\/event\\\/guided-tour-of-the-national-assembly-and-its-library-open-to-all\\\/\"]}]},{\"@type\":\"BreadcrumbList\",\"@id\":\"https:\\\/\\\/veq.ca\\\/fr\\\/event\\\/guided-tour-of-the-national-assembly-and-its-library-open-to-all\\\/#breadcrumb\",\"itemListElement\":[{\"@type\":\"ListItem\",\"position\":1,\"name\":\"Accueil\",\"item\":\"https:\\\/\\\/veq.ca\\\/fr\\\/\"},{\"@type\":\"ListItem\",\"position\":2,\"name\":\"\u00c9v\u00e8nements\",\"item\":\"https:\\\/\\\/veq.ca\\\/fr\\\/events\\\/\"},{\"@type\":\"ListItem\",\"position\":3,\"name\":\"Guided Tour of the National Assembly and Its Library &#8211; Open to All!\"}]},{\"@type\":\"WebSite\",\"@id\":\"https:\\\/\\\/veq.ca\\\/fr\\\/#website\",\"url\":\"https:\\\/\\\/veq.ca\\\/fr\\\/\",\"name\":\"Voice of English-speaking Qu\u00e9bec\",\"description\":\"English in Qu\u00e9bec City\",\"publisher\":{\"@id\":\"https:\\\/\\\/veq.ca\\\/fr\\\/#organization\"},\"alternateName\":\"VEQ\",\"potentialAction\":[{\"@type\":\"SearchAction\",\"target\":{\"@type\":\"EntryPoint\",\"urlTemplate\":\"https:\\\/\\\/veq.ca\\\/fr\\\/?s={search_term_string}\"},\"query-input\":{\"@type\":\"PropertyValueSpecification\",\"valueRequired\":true,\"valueName\":\"search_term_string\"}}],\"inLanguage\":\"fr-FR\"},{\"@type\":\"Organization\",\"@id\":\"https:\\\/\\\/veq.ca\\\/fr\\\/#organization\",\"name\":\"Voice of English-speaking Qu\u00e9bec\",\"url\":\"https:\\\/\\\/veq.ca\\\/fr\\\/\",\"logo\":{\"@type\":\"ImageObject\",\"inLanguage\":\"fr-FR\",\"@id\":\"https:\\\/\\\/veq.ca\\\/fr\\\/#\\\/schema\\\/logo\\\/image\\\/\",\"url\":\"\",\"contentUrl\":\"\",\"caption\":\"Voice of English-speaking Qu\u00e9bec\"},\"image\":{\"@id\":\"https:\\\/\\\/veq.ca\\\/fr\\\/#\\\/schema\\\/logo\\\/image\\\/\"},\"sameAs\":[\"https:\\\/\\\/www.facebook.com\\\/Voice-of-English-speaking-Quebec-114198115271356\\\/timeline\\\/\",\"https:\\\/\\\/x.com\\\/VEQ_Quebec_City\",\"https:\\\/\\\/www.instagram.com\\\/VoiceofEnglishspeakingQuebec\\\/\",\"https:\\\/\\\/www.youtube.com\\\/channel\\\/UCWNh23QNMSCkYg--JrVrzFw\"]}]}<\/script>\n<!-- \/ Yoast SEO plugin. -->","yoast_head_json":{"title":"Guided Tour of the National Assembly and Its Library - Open to All! &#8212; Voice of English-speaking Qu\u00e9bec","robots":{"index":"index","follow":"follow","max-snippet":"max-snippet:-1","max-image-preview":"max-image-preview:large","max-video-preview":"max-video-preview:-1"},"canonical":"https:\/\/veq.ca\/fr\/event\/guided-tour-of-the-national-assembly-and-its-library-open-to-all\/","og_locale":"fr_FR","og_type":"article","og_title":"Guided Tour of the National Assembly and Its Library - Open to All! &#8212; Voice of English-speaking Qu\u00e9bec","og_description":"The National Assembly is located in the heart of Qu\u00e9bec City, just steps from Old Qu\u00e9bec, and offers a unique experience through its free guided tours. Join us for two [&hellip;]","og_url":"https:\/\/veq.ca\/fr\/event\/guided-tour-of-the-national-assembly-and-its-library-open-to-all\/","og_site_name":"Voice of English-speaking Qu\u00e9bec","article_publisher":"https:\/\/www.facebook.com\/Voice-of-English-speaking-Quebec-114198115271356\/timeline\/","schema":{"@context":"https:\/\/schema.org","@graph":[{"@type":"WebPage","@id":"https:\/\/veq.ca\/fr\/event\/guided-tour-of-the-national-assembly-and-its-library-open-to-all\/","url":"https:\/\/veq.ca\/fr\/event\/guided-tour-of-the-national-assembly-and-its-library-open-to-all\/","name":"Guided Tour of the National Assembly and Its Library - Open to All! &#8212; Voice of English-speaking Qu\u00e9bec","isPartOf":{"@id":"https:\/\/veq.ca\/fr\/#website"},"datePublished":"2026-09-03T21:08:04+00:00","breadcrumb":{"@id":"https:\/\/veq.ca\/fr\/event\/guided-tour-of-the-national-assembly-and-its-library-open-to-all\/#breadcrumb"},"inLanguage":"fr-FR","potentialAction":[{"@type":"ReadAction","target":["https:\/\/veq.ca\/fr\/event\/guided-tour-of-the-national-assembly-and-its-library-open-to-all\/"]}]},{"@type":"BreadcrumbList","@id":"https:\/\/veq.ca\/fr\/event\/guided-tour-of-the-national-assembly-and-its-library-open-to-all\/#breadcrumb","itemListElement":[{"@type":"ListItem","position":1,"name":"Accueil","item":"https:\/\/veq.ca\/fr\/"},{"@type":"ListItem","position":2,"name":"\u00c9v\u00e8nements","item":"https:\/\/veq.ca\/fr\/events\/"},{"@type":"ListItem","position":3,"name":"Guided Tour of the National Assembly and Its Library &#8211; Open to All!"}]},{"@type":"WebSite","@id":"https:\/\/veq.ca\/fr\/#website","url":"https:\/\/veq.ca\/fr\/","name":"Voice of English-speaking Qu\u00e9bec","description":"English in Qu\u00e9bec City","publisher":{"@id":"https:\/\/veq.ca\/fr\/#organization"},"alternateName":"VEQ","potentialAction":[{"@type":"SearchAction","target":{"@type":"EntryPoint","urlTemplate":"https:\/\/veq.ca\/fr\/?s={search_term_string}"},"query-input":{"@type":"PropertyValueSpecification","valueRequired":true,"valueName":"search_term_string"}}],"inLanguage":"fr-FR"},{"@type":"Organization","@id":"https:\/\/veq.ca\/fr\/#organization","name":"Voice of English-speaking Qu\u00e9bec","url":"https:\/\/veq.ca\/fr\/","logo":{"@type":"ImageObject","inLanguage":"fr-FR","@id":"https:\/\/veq.ca\/fr\/#\/schema\/logo\/image\/","url":"","contentUrl":"","caption":"Voice of English-speaking Qu\u00e9bec"},"image":{"@id":"https:\/\/veq.ca\/fr\/#\/schema\/logo\/image\/"},"sameAs":["https:\/\/www.facebook.com\/Voice-of-English-speaking-Quebec-114198115271356\/timeline\/","https:\/\/x.com\/VEQ_Quebec_City","https:\/\/www.instagram.com\/VoiceofEnglishspeakingQuebec\/","https:\/\/www.youtube.com\/channel\/UCWNh23QNMSCkYg--JrVrzFw"]}]}},"publishpress_future_workflow_manual_trigger":{"enabledWorkflows":[]},"_links":{"self":[{"href":"https:\/\/veq.ca\/fr\/wp-json\/wp\/v2\/tribe_events\/1428359","targetHints":{"allow":["GET"]}}],"collection":[{"href":"https:\/\/veq.ca\/fr\/wp-json\/wp\/v2\/tribe_events"}],"about":[{"href":"https:\/\/veq.ca\/fr\/wp-json\/wp\/v2\/types\/tribe_events"}],"author":[{"embeddable":true,"href":"https:\/\/veq.ca\/fr\/wp-json\/wp\/v2\/users\/15"}],"version-history":[{"count":1,"href":"https:\/\/veq.ca\/fr\/wp-json\/wp\/v2\/tribe_events\/1428359\/revisions"}],"predecessor-version":[{"id":1428360,"href":"https:\/\/veq.ca\/fr\/wp-json\/wp\/v2\/tribe_events\/1428359\/revisions\/1428360"}],"wp:attachment":[{"href":"https:\/\/veq.ca\/fr\/wp-json\/wp\/v2\/media?parent=1428359"}],"wp:term":[{"taxonomy":"post_tag","embeddable":true,"href":"https:\/\/veq.ca\/fr\/wp-json\/wp\/v2\/tags?post=1428359"},{"taxonomy":"tribe_events_cat","embeddable":true,"href":"https:\/\/veq.ca\/fr\/wp-json\/wp\/v2\/tribe_events_cat?post=1428359"}],"curies":[{"name":"wp","href":"https:\/\/api.w.org\/{rel}","templated":true}]}}

<p>The National Assembly is located in the heart of Québec City, just steps from Old Québec, and offers a unique experience through its free guided tours.</p>
<p>Join us for <strong>two guided tours in one day</strong> and discover both the Parliament of Québec and its Library. The tours will be combined, with a <strong>15-minute break between them</strong>, giving you the opportunity to take a break, or to explore the building and learn about its history, architecture, and institutions.</p>
<p>Come and hear some remarkable stories! This fascinating experience will shed light on Québec’s history, parliamentary institutions, and their important contribution to Québec society. The tour also highlights the National Assembly’s beautiful architecture and impressive collection of works of art.</p>
<p>&nbsp;</p>
<p>When registering, you must provide your <strong>full name and date of birth exactly as they appear on your passport or government-issued ID</strong>.</p>
<p>You must bring the <strong>same ID</strong> with you on the day of the tour in order to access the Parliament Building. Participants whose registration information does not match their ID <strong>will not be able to participate in the tour</strong>. Please note that <strong>registration closes two days before the tour, on February 4 at 3:00 p.m., or earlier if all available spots are filled.</strong></p>
<p><strong>Open to all! Come discover one of Québec City’s must-see attractions!</strong></p>

<p>The National Assembly is located in the heart of Québec City, just steps from Old Québec, and offers a unique experience through its free guided tours. Join us for two [&hellip;]</p>

<!-- This site is optimized with the Yoast SEO plugin v28.4 - https://yoast.com/product/yoast-seo-wordpress/ -->
<title>Guided Tour of the National Assembly and Its Library - Open to All! &#8212; Voice of English-speaking Québec</title>
<meta name="robots" content="index, follow, max-snippet:-1, max-image-preview:large, max-video-preview:-1" />
<link rel="canonical" href="https://veq.ca/fr/event/guided-tour-of-the-national-assembly-and-its-library-open-to-all/" />
<meta property="og:locale" content="fr_FR" />
<meta property="og:type" content="article" />
<meta property="og:title" content="Guided Tour of the National Assembly and Its Library - Open to All! &#8212; Voice of English-speaking Québec" />
<meta property="og:description" content="The National Assembly is located in the heart of Québec City, just steps from Old Québec, and offers a unique experience through its free guided tours. Join us for two [&hellip;]" />
<meta property="og:url" content="https://veq.ca/fr/event/guided-tour-of-the-national-assembly-and-its-library-open-to-all/" />
<meta property="og:site_name" content="Voice of English-speaking Québec" />
<meta property="article:publisher" content="https://www.facebook.com/Voice-of-English-speaking-Quebec-114198115271356/timeline/" />
<script type="application/ld+json" class="yoast-schema-graph">{"@context":"https:\/\/schema.org","@graph":[{"@type":"WebPage","@id":"https:\/\/veq.ca\/fr\/event\/guided-tour-of-the-national-assembly-and-its-library-open-to-all\/","url":"https:\/\/veq.ca\/fr\/event\/guided-tour-of-the-national-assembly-and-its-library-open-to-all\/","name":"Guided Tour of the National Assembly and Its Library - Open to All! &#8212; Voice of English-speaking Québec","isPartOf":{"@id":"https:\/\/veq.ca\/fr\/#website"},"datePublished":"2026-09-03T21:08:04+00:00","breadcrumb":{"@id":"https:\/\/veq.ca\/fr\/event\/guided-tour-of-the-national-assembly-and-its-library-open-to-all\/#breadcrumb"},"inLanguage":"fr-FR","potentialAction":[{"@type":"ReadAction","target":["https:\/\/veq.ca\/fr\/event\/guided-tour-of-the-national-assembly-and-its-library-open-to-all\/"]}]},{"@type":"BreadcrumbList","@id":"https:\/\/veq.ca\/fr\/event\/guided-tour-of-the-national-assembly-and-its-library-open-to-all\/#breadcrumb","itemListElement":[{"@type":"ListItem","position":1,"name":"Accueil","item":"https:\/\/veq.ca\/fr\/"},{"@type":"ListItem","position":2,"name":"Évènements","item":"https:\/\/veq.ca\/fr\/events\/"},{"@type":"ListItem","position":3,"name":"Guided Tour of the National Assembly and Its Library &#8211; Open to All!"}]},{"@type":"WebSite","@id":"https:\/\/veq.ca\/fr\/#website","url":"https:\/\/veq.ca\/fr\/","name":"Voice of English-speaking Québec","description":"English in Québec City","publisher":{"@id":"https:\/\/veq.ca\/fr\/#organization"},"alternateName":"VEQ","potentialAction":[{"@type":"SearchAction","target":{"@type":"EntryPoint","urlTemplate":"https:\/\/veq.ca\/fr\/?s={search_term_string}"},"query-input":{"@type":"PropertyValueSpecification","valueRequired":true,"valueName":"search_term_string"}}],"inLanguage":"fr-FR"},{"@type":"Organization","@id":"https:\/\/veq.ca\/fr\/#organization","name":"Voice of English-speaking Québec","url":"https:\/\/veq.ca\/fr\/","logo":{"@type":"ImageObject","inLanguage":"fr-FR","@id":"https:\/\/veq.ca\/fr\/#\/schema\/logo\/image\/","url":"","contentUrl":"","caption":"Voice of English-speaking Québec"},"image":{"@id":"https:\/\/veq.ca\/fr\/#\/schema\/logo\/image\/"},"sameAs":["https:\/\/www.facebook.com\/Voice-of-English-speaking-Quebec-114198115271356\/timeline\/","https:\/\/x.com\/VEQ_Quebec_City","https:\/\/www.instagram.com\/VoiceofEnglishspeakingQuebec\/","https:\/\/www.youtube.com\/channel\/UCWNh23QNMSCkYg--JrVrzFw"]}]}</script>
<!-- / Yoast SEO plugin. -->

Guided Tour of the National Assembly and Its Library - Open to All! &#8212; Voice of English-speaking Québec

The National Assembly is located in the heart of Québec City, just steps from Old Québec, and offers a unique experience through its free guided tours. Join us for two [&hellip;]

Voice of English-speaking Québec

Évènements

English in Québec City
